(-3 - -4). Let b be (-2)/9 + 1320/z. Calculate the highest common divisor of 30 and b.
6
Suppose -5*z + 501 = 187 - 780 - 426. Suppose 2*y - 19 - 13 = 0. Calculate the greatest common divisor of y and z.
16
Suppose -1797*x = -1796*x - 2. What is the highest common factor of 317 and x?
1
Let d be 100/(-45)*(-4 + -2)*18. Suppose -8*h = -0*h - d. Calculate the highest common factor of 240 and h.
30
Let q(x) = 175*x - 872. Let y be q(5). What is the greatest common factor of y and 279?
3
Let a be ((-64)/24)/(2/(-21)). Suppose 23*q = a*q - 210. Let x = 83 - 41. Calculate the greatest common divisor of x and q.
42
Let f be 4/(-14) - (-3770)/14. Let k = 19 - 14. Suppose -4*p + 5*s + 111 + f = 0, -k*p + 484 = -4*s. Calculate the highest common divisor of p and 4.
4
Suppose -113 = -i - 4*a + 55, 296 = 2*i - 2*a. Let f = 47 - 11. Suppose -6*m - f = -150. What is the greatest common divisor of m and i?
19
Suppose -943 = -9*y - 286. Let z = -57 + y. Suppose -z - 68 = -t. What is the highest common factor of 12 and t?
12
Let y = 10825 + -10525. Calculate the highest common factor of 150 and y.
150
Let b(l) = -l**2 - 16*l - 32. Let f be b(-13). Suppose g + 1 - f = 0. Let o be (g + -2)/((-8)/(-28)). Calculate the greatest common divisor of o and 21.
7
Let j be 2/(-2 - -1) + 22. Let s = 5292 - 5252. Let b = s - j. What is the greatest common factor of 16 and b?
4
Suppose r - 4384 = -2*t, 421*r - 6578 = -3*t + 419*r. Calculate the highest common factor of t and 1898.
146
Let x be (1 + 4/((-16)/(-68)))/(45/150). What is the greatest common divisor of x and 312?
12
Let l(s) = 33*s**2 + 92*s + 274. Let m be l(-3). What is the greatest common divisor of 5 and m?
5
Let b = 322 + -320. Suppose b*i - 2*y - 22 = 0, 0 = 4*i + 7*y - 2*y + 1. Calculate the highest common divisor of 9 and i.
3
Suppose 4*k + 5*b - 8*b - 908 = 0, -k - b + 220 = 0. What is the greatest common factor of k and 2752?
32
Let d = -2083 - -4745. What is the greatest common divisor of d and 33?
11
Let w = -141 + 156. Suppose -4*g + 59 = -a, 0*g + 4*g - 57 = 3*a. What is the greatest common factor of g and w?
15
Let c be (1 + -3 + (-2)/(-1))/2. Suppose 4*g + 12 = c, 0*n = -n - 2*g + 120. Suppose -11*f + 10*f + n = 0. Calculate the highest common factor of 21 and f.
21
Let h be (-6 - -3)/((-541)/(-136) + (-128)/32). Calculate the highest common divisor of 176 and h.
8
Let n be 1/4 - (-240)/64. Let c be -23*(n - (1 + 1))/(-2). Suppose 297 = c*v - 20*v. What is the greatest common divisor of v and 11?
11
Let x be (18 + -1)/(1 + 0). Suppose -26 - 8 = -x*y. Calculate the greatest common factor of y and 26.
2
Let p be 248/(-12)*6/(-12)*6. Calculate the greatest common divisor of 7936 and p.
62
Suppose 2*t = -4*i + 110, 2*t + 4*i - 157 = -t. Let d be (-160)/6 + (-6)/18. Let x = t + d. Calculate the greatest common divisor of x and 5.
5
Let l be (4683/2)/(-8 + (-68)/(-8)). Calculate the greatest common factor of 21 and l.
21
Let j = 36218 + -30309. Calculate the highest common factor of 95 and j.
19
Suppose 0 = 2*r - b + 3*b - 238, -3*b + 587 = 5*r. Let h(p) = -p - 2. Let f be h(-7). Suppose -f*t + 220 = -10. What is the greatest common divisor of t and r?
23
Let i = -2 - -4. Let m(h) = 23*h**3 + 4*h**i - 54*h**3 - 5*h**2. Let z be m(-1). What is the highest common divisor of 10 and z?
10
Suppose 12*g - 35 = 17*g, 3*n - 5*g = 266. What is the highest common factor of 42 and n?
7
Let t(n) = 26*n**3 + n**2 - 24*n + 60. Let a be t(3). Calculate the highest common divisor of a and 6.
3
Suppose 4*o = 2*k + 3664, 2*o + 1277 - 3119 = -4*k. What is the highest common factor of 14 and o?
7
Let l(o) = -o**3 + 5*o - 1. Let b = 66 - 72. Let u be 8/16*(-2 - b). Let g be l(u). What is the greatest common divisor of g and 8?
1
Let k = -188 - -380. Let t = k + -174. Calculate the greatest common divisor of 42 and t.
6
Suppose -10*b - 10 = -15*b. Suppose -32 = -b*i - 0*i. Let z be ((-24)/i)/((-3)/28). Calculate the highest common divisor of 35 and z.
7
Let d = 1121 + -646. Suppose 14*q = -20*q + 646. What is the greatest common factor of d and q?
19
Let m be (-90)/4*(-112)/10. Let w(x) = 647*x + 3241. Let b be w(-5). What is the greatest common factor of m and b?
6
Let q(j) = j + 56. Let m(s) = 4*s**3 - 2*s**2 + 10*s - 14. Let n be m(2). Let r be q(n). Calculate the greatest common divisor of r and 129.
43
Suppose 5*j - 128 - 442 = 0. Suppose 108 = x - j. What is the highest common factor of x and 6?
6
Suppose 0 = -g - 5*y + 3122, 12428 = -375*g + 379*g + 5*y. What is the greatest common factor of g and 330?
66
Suppose -3*g = -238 + 226, -3*x + 25159 = g. What is the greatest common factor of 516 and x?
129
Let d(y) = 51*y + 19. Let o be d(11). Let j = o - 184. Calculate the greatest common factor of j and 44.
44
Suppose -2*k = 4*r - 12705 - 9653, 3*r - 16776 = -4*k. What is the highest common factor of r and 44?
44
Let v be (180/(-8) + 20)*-13892. What is the greatest common divisor of 230 and v?
230
Let j(m) = 1463*m - 60. Let o be j(1). What is the highest common factor of 305 and o?
61
Let m be (6 + -7391 - -15)*2/(-4). What is the highest common factor of 165 and m?
55
Let r(f) = 6*f**3 + 3*f**2 - 18*f - 10. Let g be r(5). Calculate the greatest common factor of g and 400.
25
Let u be 4*(-2)/((-4)/(-31)). Let o be 2/13 + 4760/(-182). Let d = o - u. Calculate the greatest common factor of 54 and d.
18
Suppose -4*u - 4*q + 29 = 1, 2*u + 5*q = 26. Suppose -5*d + 244 = 3*h, -2*d - 5*h + 240 = u*d. Calculate the greatest common factor of d and 30.
10
Let r be (480/14 - 0) + (-6)/21. Let a be 35 - 36 - (-614)/2. What is the greatest common divisor of r and a?
34
Let a = 109 + -75. Let g(k) = 116 + 22*k**2 - k**3 - 22*k**2 + 156 - 2*k. Let x be g(0). Calculate the highest common factor of x and a.
34
Suppose 536 = 25*u - 382 - 7. What is the greatest common divisor of u and 5513?
37
Let i be -1*(0 - 87 - (0 - 5)). Calculate the highest common divisor of i and 1681.
41
Let y = -277 - -272. Let u be (-535)/y - (-20)/(-12)*-3. Calculate the greatest common factor of u and 14.
14
Suppose n + 59 = 3*n + s, 5*n - 2*s - 143 = 0. Let f be (136/(-3))/(68/102). Let l be (-47)/8*-10 - (-51)/f. Calculate the highest common factor of l and n.
29
Let z be ((-1)/1*-1)/(46/782). Suppose -2*x = -b - 35, 0*x - b = -x + z. What is the highest common factor of x and 72?
18
Let s = -277 + 334. Suppose 5*a - 4*f = 3697, -3*a + 4*f + 1405 = -810. What is the greatest common divisor of a and s?
57
Let h(r) = 31308*r**2 - 3*r + 1. Let o be h(-1). Suppose 0*a - 19*a = -o. Calculate the highest common factor of 16 and a.
16
Let g(n) = -2*n**2 - 6*n - 397. Let s(w) = -2*w**2 - 7*w - 395. Let v(f) = -6*g(f) + 5*s(f). Let h be v(0). What is the highest common divisor of 111 and h?
37
Suppose 5*u - 443 = -3*d, -5*d = -u - u + 171. Let k(s) = -77*s - 2475. Let h be k(-35). Calculate the greatest common factor of u and h.
44
Suppose 2*z = -2*y + 6, 2*y + 2*z - 1 = 5*z. Let f(r) = 4*r + 161. Let a be f(-39). What is the highest common factor of a and y?
1
Let w be ((-1)/((-3)/30))/(-1). Let g(y) = -2*y**2 + 292*y + 8 - 590*y + 308*y + 3*y**2. Let f be g(w). What is the highest common divisor of 2 and f?
2
Suppose 13*d = 3*d - 80. Let l(s) = s**3 + 4*s**2 - 35*s - 12. Let p be l(d). What is the highest common factor of 18 and p?
6
Suppose -v + 11 = 7. Suppose 2*z - 6*z = 2*k - 68, -3*z - 169 = -v*k. What is the highest common factor of k and 8?
8
Let x(b) = 74*b - 92. Let m be x(3). Calculate the greatest common divisor of 715 and m.
65
Let w(k) = k**2 + 19*k - 116. Let u be w(-20). Let o be (7/2)/(u/(-4032)). What is the greatest common divisor of o and 42?
21
Suppose 3*w = -5*v + 595, 2*v + 550 = 3*w - 2*v. Calculate the highest common factor of 304 and w.
38
Let k = 224 - 219. Suppose -4*l + k*o + 3 = -35, -3*o = -4*l + 34. Calculate the greatest common factor of l and 21.
7
Let i be ((-24)/42 + (-1222)/(-7))*14. What is the highest common divisor of i and 252?
84
Suppose m + 116 = 3*t, 1602*t - 1598*t - 160 = -4*m. Calculate the greatest common divisor of t and 22191.
39
Let w(o) = o**3 + 59*o**2 - 121*o + 381. Let h be w(-61). Calculate the highest common factor of h and 1216.
64
Let w = -10092 + 10116. Calculate the highest common factor of 1376 and